- (-11 + 0 + (1111 - 1100))?
96
Calculate (1 - 117) + -57 + 77 + 24 + -42.
-114
Evaluate 46 + -51 + (-31 - -9).
-27
What is (4 - (16 - -5)) + 36 - 57?
-38
What is the value of 47 + -22 + -5 + -55 - -31?
-4
What is the value of 46 + 36 - 96 - (-110 - 0)?
96
Evaluate -20 + 111 - (-40 - -51 - (-6 - -30)).
104
Calculate 112 + -36 + 70 - 140.
6
What is the value of (11 - 3) + -16 + -67 + -5 + 9 + 8?
-63
What is -10 + (-12 - -9) + -3 + -19?
-35
What is the value of (4 - -14) + -1016 + 864?
-134
Evaluate -10 + (23 + -21 - (-2 + -5)) - (-75 - 6).
80
What is -5 + (-4 - -15) + (-29 - -32) + -60 + -3?
-54
What is the value of (24 - 24 - 56) + (26 - 11)?
-41
What is -117 + (236 - (123 + 14))?
-18
What is the value of (1 - 1) + -1 + -347 + 320 + -5 + -2?
-35
What is -16 - (-17 + 6) - 8 - -22 - 6?
3
What is (275 + -288 - (2 + (1 - 7))) + (-43 - 8)?
-60
Calculate -10 + -9 + (9 - -13 - 19) + -14.
-30
Evaluate 17 - (6 + 5 - 21) - (-6 + 4 + 12).
17
Evaluate 118 + (4427 - 4447) + (3 - (-1 - 0)).
102
What is the value of -51 + 1 + -3 + -5 + 1 + 144 + -148?
-61
What is 4 + 39 + 0 + (1 + (3 - -13) - 13)?
47
-60 + (-62 + 74 - (1 + -1))
-48
-15 + 0 + 16 + -20 - -59
40
(-6 - (0 + -1)) + (986 - 986) + 53
48
Calculate 334 + -351 + (-3 - -37) + 3 - -125.
145
What is 39 + (-12 - 12) - (-31 + 3)?
43
69 + (-85 - -67 - (11 + -5))
45
What is the value of 292 + -243 + (-111 - 15)?
-77
What is -4 + 31 + 1 + (-7 + 13 - 2) + -2?
30
Evaluate (-62 - 40) + 31 + 54.
-17
Evaluate 55 + (13 - 188) + 52.
-68
Evaluate (-7 - (20 + -6 - 26) - 12) + -8.
-15
Evaluate -7 - (41 + 24 + (-25 - -9)).
-56
Evaluate 23 - (-89 + 5 - -172).
-65
(20 - 8) + -62 + 31
-19
What is (8874 - 8927) + -1 + 29?
-25
What is (1446 - 1437) + 3 + -1 - (-32 + 0)?
43
92 + 89 + -145 + (70 - -4)
110
-108 - (-27 + 39 + 11 + -18) - -11
-102
Calculate -67 + (41 + -55 - 7 - -35).
-53
Calculate -36 + (-45 - -77) - 46.
-50
(-10 + 44 - 3) + 10
41
What is -42 + 32 + (-22 - -1 - -29) + (1 - -43)?
42
Calculate 10093 + -10133 + 119 + 1.
80
Calculate -37 + (-16 + -37 - -73).
-17
Calculate -59 - (29 + -41 + -6 + 10 + -9 + 10).
-52
What is 11 + (2 - 49) + 1?
-35
Calculate 53 + (17 - (16 - -29)).
25
Calculate 49 - (-30 + 53 - -4).
22
What is the value of 35 - (-19 + 36 + -33 - 18)?
69
What is the value of 5 - (0 - -13) - (-4 - (-10 + 19)) - 37?
-32
-107 - ((-96 - 15) + 115)
-111
What is the value of 10 + (-8 - 0 - -14) + -8 - (34 - 29)?
3
Calculate (-1 - -1) + 0 + 3 + -648 + 586 - -10.
-49
Calculate 9 + 0 - (4 + -1 + 3 + 16).
-13
What is the value of -16 + 1 + 3521 + -3499?
7
What is the value of -1 - (6 + (20 - 31)) - (-5 - (-4 + 70))?
75
Evaluate (-1 - 7) + -67 + 9 + 29 + -2.
-39
Evaluate 0 + (186 - 238 - (2 + -31)).
-23
What is the value of -2 + (-3 - (0 + -7) - 1) + (-1399 - -1485)?
87
Calculate (6 - (-7 - (9 + -13 + -7) - -1)) + 1.
2
Evaluate -38 + (-8 - 17 - (-10 - -9)).
-62
Calculate 204 - ((110 - -30) + -29).
93
(33 - (-5 - -20)) + -72 + 109
55
What is the value of -87 - (-19 - -50) - -15?
-103
What is (-235 - -263) + -2 + -13 - (38 + 2)?
-27
What is the value of (71 - 1) + (17 - (1 + -8)) + -22?
72
What is -56 - 9 - (-3 - -9 - 6 - 8) - 2?
-59
Evaluate (-137 - (-35 - 30)) + 113.
41
What is the value of 55 + -15 - 38 - (-6 - -2)?
6
-69 - (-24 - (-144 + 96))
-93
What is 79 + -70 - (2 - -42)?
-35
-10 - (-12 - -85) - -50
-33
What is 1302 - 1274 - (-37 - (-4 - -5))?
66
What is (-1 - 5 - -16) + (-19 - (5 - -23))?
-37
What is the value of -10441 + 10480 - (151 - 2)?
-110
What is the value of 14 + 45 + -16 + -19 + (0 - -2)?
26
-22 - -154 - (-84 + 298)
-82
What is 96 + 14 + (0 + -5 + 1 - (-16 + 25))?
97
Calculate -13 - (150 - 2 - -17 - 43).
-135
What is the value of (84 - 107) + -16 + (4 - 1)?
-36
What is 3 + 1 + (-2 + 14 - 19) + -3 + -80?
-86
What is the value of 17 - (46 - 40) - (0 - 35)?
46
Calculate 10 + -35 + -21 + 31 + -20.
-35
Evaluate -8 + (60 - 37) + -44.
-29
-56 + 40 + 13 + -8 + -15
-26
Calculate 78 - (98 - (137 + -69)).
48
What is (-20 + -3 + -2 - (384 - 394)) + 10?
-5
What is the value of 24 - (34 + 10 - -3)?
-23
Calculate 14 + (3 + 14 - 41).
-10
What is 4 + (-9 - -2) + -4 - (57 + -37)?
-27
What is the value of (-31 - -13) + 27 - (-7 + 16)?
0
Calculate -31 + -5 + (13 - (12 - 2)) + -10 + 8.
-35
Evaluate -18 + (1 + 7 - 2 - (-1 - -13)).
-24
What is 86 - (25 + -164 + 120)?
105
What is the value of -17 + -7 + (6 - (-5 - -15)) + 1?
-27
Calculate 2 + -12 + (-20 - 9) + (-18 + 12 - -17).
-28
Evaluate 60 + 1 - (-1620 + 1672).
9
(13 - (-12 - -5)) + 51 + -3 + -115
-47
What is 5 + -18 + 37 + 1 + 23 + -11?
37
Calculate -27 + (-30 - -7 - -17) + 102.
69
What is -2426 - -2318 - (-70 + 1)?
-39
What is the value of 3 + (-25 + 8 - -12) + (4 - (4 + 4))?
-6
3 + -2 - (-64 + 45) - -16
36
What is -2 + 105 + (2809 - 3011)?
-99
Calculate (1558 - 1561) + (3 - -44).
44
Evaluate 35 + (-9 - 28) - (88 - (-1 + -14)).
-105
Evaluate 16 + -9 + -32 - (-95 + 18).
52
Calculate 4 - (88 + -73 - (-53 + 0)).
-64
Calculate -52 - 11 - -48 - -21.
6
What is 262 + -296 + (74 - -1)?
41
What is 109 + (-67 - -74) - 10?
106
What is the value of (-64 - (-13 + (0 - 8)) - -20) + 99?
76
What is the value of 2 - (43 + -17 + 21 + -20)?
-25
What is 86 - (203 + 41 + -127)?
-31
-2 + (-143 - ((-4 - (4 + 6)) + -8))
-123
What is (12 - (-12 + 5 + 7) - 64) + (12 - 4)?
-44
What is -8 - -1 - (2989 + -2894) - (0 - 3 - -2)?
-101
75 + (-22 - -16) + -15 - 5
49
What is the value of 381 + -287 - (11 + 155)?
-72
What is 4 + 9 + -4 + -13 + 5 - (32 - 17)?
-14
18 + (-7 - 3) + -42 + -12 - (16 - 6)
-56
What is the value of (-2 - -50) + (51 - 44 - 19)?
36
What is the value of (2 - -41) + 2 - (-1308 + 1321)?
32
What is the value of 21 + -11 + (34 - 13) + -84?
-53
What is the value of 26 - (-183 + 123 - -80)?
6
What is -14 + (-42 - -70) - 16 - -72?
70
Evaluate 12 + (2 + -4 - 2) + -27 + 13 + -38.
-44
-1 + (-26 - (48 - 44)) + (1 - 13)
-43
Calculate (-145 + 231 - 217) + -18.
-149
What is the value of 28 - 0 - 45 - -6?
-11
46 - (2 - (1 + 4)) - (30 - (-22 - -55))
52
-5 + -21 + (46 - 4) + 5
21
Evaluate -184 - (-154 + 42 + 10).
-82
Calculate (24 - (26 + 49)) + 6.
-45
What is -60 + (8 - (13 + -14)) + (5 - -4)?
-42
(29 - 1) + (758 - 830)
-44
Evaluate (-9 - -70) + -70 - (19 - 0).
-28
What is the value of (-18 + -109 - -18) + (-2 - 9 - (-9 - -11))?
-122
Evaluate -988 - -1030 - (-6 + 159 - 7).
-104
Evaluate -1 + -61 + 26 + 47.
11
What is the value of -2 + (114 + -40 - 11)?
61
What is -83 + (5 - -44) - (1 + -1 + 9)?
-43
Calculate (75 - 78) + -7 + -5 + -4.
-19
Evaluate 36 + 1 - -4 - (240 + -237).
38
What is the value of (-2450 - -2468) + 3 + -8 + -3?
10
Evaluate 42 + -1 + 24 + -72.
-7
What is the value of (1 - (-4 + (67 - -2 - -1))) + (163 - 156)?
-58
Calculate 108 + (127 - 76) + -3 + -35.
121
What is the value of 1 + 55 + (41 - 37) + (-8 - -2) + -5?
49
-59 - (3 - -1) - (-15 + (-4 - (12 - 23)))
-55
What is the value of (-8 - -14) + 3 + (2 - 1) + 4?
14
-5 + (57 - (-4 + 6)) - (64 + -57)
43
What is -61 - (-62 - 21) - (-1 + 1)?
22
Evaluate 18 + (-59 - 8 - -27).
-22
Evaluate 0 + 10 - ((11 - (29 + -19 + 20)) + 20).
9
What is (9 - 10) + (-39 - ((-9 - -6) + 6 + 0))?
-43
What is 7 + 75 - (3 + -3 - 0 - (-2 - 14))?
66
What is 30 - (1 + 13 - 13) - (-7 - -6)?
30
What is -255 - (121 + -321) - (4 + 1)?
-60
-24 - (-6 + 44 + -18) - (-1 - -18)
-61
Evaluate (337 - 135) + -200 - (67 - 2).
-63
(-2 - 0) + -82 - (-20 - (-29 - (26 - 25)))
-94
Evaluate 8 + -35 + (13 - 1) - 57.
-72
Evaluate -45 + (141 - 26) - 111.
-41
Calculate -24 - (-26 - (19 + -13 - 42)).
-34
What is the value of (20 + -97 - (-21 + 13)) + 4?
-65
What is -31 - 0 - (-171 + 291 - 213)?
62
Evaluate (24 + (-6 + 13 - 19) - -6) + 82.
100
What is -5 - -43 - 0 - (4 - 8) - (26 + -25)?
41
Calculate -21 + 18 - -80 - (30 + -30).
77
Calculate -35 + 11 - (15 + -17 + 47).
-69
What is 374 + -387 + (2 - 2) + 27 + 5?
19
Evaluate (-6 - (-5 - -10 - 7)) + (24 - 33).
-13
What is (-2 - 17) + -355 + 358 + -28?
-44
Evaluate 121 + (-98 - 17) + 62.
68
Calculate 106 + 4 - -1 - 126.
-15
What is 12 - (-20 + 30 + (-3 - 13))?
18
Calculate 24 + (-24 - ((-10 - -9) + -19)).
20
What is 21 + (7 - 4) + (13 - (-12 + 27))?
22
Evaluate ((-31 - -10) + 39 - 23) + 20.
15
What is the value of 132 - (53 + -61 + 99)?
41
Calculate (4 - -5) + (358 - 399).
-32
12 - (0 + -1) - (5 - (25 - 12))
21
-1 + 91 + 683 + -745
28
Ca